rivative of -o**4/12 + 13*o**2/2 + 8*o. Calculate the remainder when b(0) is divided by 6*(3 + 32/(-12)).
1
Suppose -f = -3*f - 8. Calculate the remainder when 50 is divided by 418/(-44)*1*f/2.
12
Suppose 6*o - 3*o + 9 = 0, -5*o + 149 = 4*d. Let j(m) = m**2 + 14*m - 68. Calculate the remainder when j(-21) is divided by d - (3 - (3 - 0)).
38
Suppose 36*f + 23580 = -31*f + 97*f. What is the remainder when f is divided by 56?
2
What is the remainder when 537/9*27 + 6/((-36)/42) is divided by 325?
304
Suppose -22 = 2*i - 14. Calculate the remainder when 168 is divided by 1*43*((-56)/i)/14.
39
Suppose 4*o = 6*o - 300. Suppose -3*s = -4*d - 71 - 59 + 78, 5*s = -2*d. Calculate the remainder when o is divided by s.
2
Suppose 192102 = 134*s - 30338. What is the remainder when s is divided by 16?
12
Suppose 0 = -4*t + 17*t + 25467. Calculate the remainder when 10/(-35) - t/21 is divided by (-2 - 0)/((-1)/12).
21
Let b(r) = r**2 + 13*r + 37. Let o be b(-6). What is the remainder when 28 is divided by (-78)/(-4) + o/10?
9
Suppose -41*w = -23*w - 11178. Calculate the remainder when w is divided by 107.
86
Let z = 311 + -310. Calculate the remainder when 146 is divided by (-15)/10*(-10)/z.
11
Suppose -94 = -4*r - 3*k, -3*k + k = -3*r + 79. What is the remainder when 34 - (-6)/(204/14110) is divided by r?
24
Suppose 0 = -153*i + 139812 + 384060. Calculate the remainder when i is divided by 286.
278
Suppose -18*v = -52 - 2. Suppose 7 = -o - 5*m + 1, 0 = -4*o + v*m - 1. Let c(i) = -10*i + 1. What is the remainder when 32 is divided by c(o)?
10
Let y(l) = -25*l**2 + 210*l + 32. Calculate the remainder when y(4) is divided by 7.
3
Calculate the remainder when (-266)/(-76)*(-13488)/(-42) is divided by 551.
22
Let y = -5006 + 5024. Suppose -2*v - 3*m = -146, -5*v + 340 = -6*m + m. What is the remainder when v is divided by y?
16
Let n = -198 - -663. Let k = -444 + n. What is the remainder when 99 is divided by k?
15
Suppose 5*g - 4*o - 189 - 91 = 0, g + o - 65 = 0. What is the remainder when 122 + 2*9/(-6) is divided by g?
59
What is the remainder when 870 is divided by 15 - 72/((-12)/3)?
12
Let g = 480 - -7. What is the remainder when g is divided by 9/24 - (-8864)/256?
32
Suppose f = -4*z + 67, f + 10*z - 15*z - 49 = 0. Let b = -10 - -37. What is the remainder when f is divided by b?
5
Let x be (-18)/4*16/12. What is the remainder when (-572)/x + (14/(-6))/7 is divided by 32?
31
Suppose -2*x + 5*x + q = 1409, -5*x - 3*q = -2343. What is the remainder when x is divided by (-215)/10*(5 - 7)?
41
Suppose x + 75 = 6*x. Let h(c) = -2*c + 19. Let f be h(5). Suppose -90 = f*k - x*k. Calculate the remainder when 59 is divided by k.
14
Let l be (65 - (0 + 1)) + 2/(-1). Let f = l + -109. Let r = 51 + f. What is the remainder when 27 is divided by r?
3
Suppose 0 = n - 11 - 21. Suppose 12*d = -n - 40. Calculate the remainder when 19 is divided by (0 - -6)*(-3 + (-20)/d).
1
Let j(s) = -s**3 + 3*s**2 + 5*s + 27. Let d be j(5). Suppose d*q + 133 = 9*q. What is the remainder when 90 is divided by q?
14
Let l(f) = 3*f + 11. Let i be l(-3). Let s be (-147)/(-6) + i/(-4) + 0. Suppose 62 = 2*c + s. Calculate the remainder when 29 is divided by c.
10
Let z = 1160 + -1157. Calculate the remainder when 130 is divided by z.
1
Suppose 77*f + 14156 - 1276 = 97*f. Calculate the remainder when f is divided by 31.
24
Suppose 31*f - 15840 = -9*f. What is the remainder when f is divided by 127?
15
Let g = 84 - 104. Let o(m) = -m**2 - 22*m + 18. What is the remainder when o(g) is divided by -3*(-2 + 4/(-3))?
8
Calculate the remainder when 104 + -2 + -1 + -23 + 18 is divided by (-95)/(-3)*(-36)/(-30) + 3.
14
Let c = 93 + -97. Calculate the remainder when 2/(-4) + 5*(-54)/c is divided by 17.
16
Suppose 7*h + 285 = -12*h. Calculate the remainder when 25 is divided by 11 + 1 + h + 11.
1
Suppose -5*a = 5*h - 965, -2*a = -5*h - a + 989. Suppose -h + 53 = -p. Suppose 0 = -15*v + 12*v + p. Calculate the remainder when v is divided by 26.
22
Let n = 15242 - 10237. Suppose -n = 36*c - 43*c. Suppose -2*t = 3*t - c. Calculate the remainder when t is divided by 18.
17
Let q = 9 - 4. What is the remainder when 13/((-1)/(-1)*(-19)/(-19)) is divided by q?
3
Let o = 11487 - 11477. Suppose 3*t + t = 0. Suppose t = -b - 0 + 19. Calculate the remainder when b is divided by o.
9
Calculate the remainder when 978 is divided by 169*(-1 + 2) + -6 + -2 + 1.
6
Suppose -l - 262 - 135 = -5*g, 5*g = 4*l + 388. What is the remainder when g is divided by 35?
10
Let l be ((-35)/(-14))/(5/4). Suppose -156 = -4*r - 3*b - 3, l*b - 6 = 0. What is the remainder when 176 is divided by r?
32
Let t(y) = y**2 + 2*y + 179. Let f be t(0). Suppose -196*s + 629 = -f*s. What is the remainder when s is divided by 32?
5
What is the remainder when 1958/6 + 12/(-36) is divided by 18?
2
Let m be (8/10)/(10/25). Suppose d + 3*v + v + 57 = 0, 4*v - 114 = m*d. Let h = d - -89. What is the remainder when h is divided by 5?
2
Suppose p = -4*g - 18, -3*p - 11 - 13 = 2*g. What is the remainder when 1 + 1 + 22 + 1 is divided by (6 + -3)*(2 - 2/p)?
4
Suppose -3*p + 4*g = 2*p - 560, 0 = -27*p - 3*g + 2901. Calculate the remainder when 1726 is divided by p.
106
Let o = -1631 + 1635. What is the remainder when 60 is divided by o?
0
Suppose 0 = 6*o - 11*o - 315. Let p = o - -118. What is the remainder when 109 is divided by p?
54
Let f(i) = -i**3 + 34*i**2 + 76*i + 29. What is the remainder when 3109 is divided by f(36)?
168
Suppose -5*z = -4*z - 24. Let r be (8/3)/(z/36). Suppose 10 = -5*k, 5*k - 353 = -r*q + q. Calculate the remainder when q is divided by 41.
39
Suppose -93*d - 5*g - 44 = -94*d, -d = 5*g + 16. Let q(h) = 10*h**3 + 2*h. Let p be q(-2). What is the remainder when (-1 - (p + 2)) + 1 is divided by d?
12
Suppose -5*q = 3*s - 3*q - 165, 4*q + 165 = 3*s. What is the remainder when 106 is divided by s/(-220) + 109/4?
25
Suppose 20*u - 1011 + 1727 = -1184. Let a = 47 + -188. Let k = u - a. Calculate the remainder when k is divided by 16.
14
Suppose 3*a + 560 = i - 302, 5*a - 5*i = -1450. Let j = -179 - a. Calculate the remainder when j is divided by 27.
26
Let n(x) = -10*x + 1993. What is the remainder when n(-51) is divided by 32?
7
Let a be (0 - -2)/((2/(-1))/(-4)). Suppose 8*x - a*o = 7*x + 3, -3*x + 33 = -4*o. What is the remainder when 267 is divided by x?
12
Let h(b) = 29371*b + 293718. Suppose -2*w = -6*x + 3*x - 149, -w = 5*x - 81. What is the remainder when w is divided by h(-10)?
4
Let o = -14076 - -15158. Calculate the remainder when o is divided by 19.
18
Let s(f) = -2*f - 15. Let g be s(-10). Suppose -g*v + 216 = -v + 3*z, -77 = -v + 5*z. Suppose -2*h = -8*h + 90. Calculate the remainder when v is divided by h.
12
Calculate the remainder when (-1546)/4*(-13 + 4 + 7) is divided by 382.
9
Calculate the remainder when 1976 is divided by (-40)/30*90/(-4).
26
Let w(d) = 11*d**3 - 462*d**2 + 7*d + 43. What is the remainder when 1339 is divided by w(42)?
328
Suppose 4*x + 0*x = 0. Suppose x*p + 3 = 3*p. Calculate the remainder when 77 is divided by (p + -66)/(-5) - 5.
5
Let h = -413 + 259. Let p = -131 - h. Calculate the remainder when 80 is divided by p.
11
Suppose -15*y + 9 = -12*y. Suppose 4*p - y*p + 541 = -5*w, 0 = 2*w + 3*p + 219. Let j = w - -111. What is the remainder when 10 is divided by j?
1
Let u(q) = -3*q**2 + 15*q - 1. Let h be u(-9). Let r = h + 409. What is the remainder when 235 is divided by r?
25
Suppose 0 = 475*o - 461*o - 1036. What is the remainder when o is divided by 5?
4
Let l be 74 + 0 + 1 + -4. Let z = -66 + l. What is the remainder when (-4 + 50)*3/6 is divided by z?
3
Let o(c) = 39*c**2 + 12*c - 5. What is the remainder when o(-2) is divided by 74?
53
Suppose 3*k + 126 = 3*p, -2*k = -3245*p + 3249*p - 156. Suppose s + s - 86 = 0. What is the remainder when s is divided by p?
3
Let l be 535/35 + 0 - 2/7. Suppose -l*z = -195 - 225. Suppose 4*x = -4 + 40. What is the remainder when z is divided by x?
1
Let j(p) be the second derivative of 5*p**3/3 - 27*p**2/2 - 6*p. Let d be (5 - 1 - 3) + 4. Calculate the remainder when 91 is divided by j(d).
22
Suppose 2192 = 4*k - 2*s, 11*k - 41*s + 46*s - 6007 = 0. Calculate the remainder when k is divided by 10.
7
Let z(a) = -a**3 + 4*a**2 - 4*a + 4. Let w be z(3). Let g = w